 11 = -p. What is the highest common factor of 6 and k?
2
Let p = 10062 - 10034. What is the greatest common factor of p and 20?
4
Suppose -67*n = -1292 - 2192. Calculate the highest common divisor of n and 351.
13
Let d(p) = -24*p + 596. Let x be d(-11). Calculate the highest common divisor of 80 and x.
20
Let i = -12034 + 12162. What is the greatest common divisor of i and 60?
4
Suppose -5*o = -2*g + 844, -g + 4*g = -5*o + 1341. What is the highest common factor of g and 1615?
19
Let g = -16141 - -19836. Calculate the highest common divisor of g and 5.
5
Suppose -4*h = -3*m - 157, -5*m + h + 167 = -8*m. Suppose 3*u - 165 = -2*u. Let z = u - m. What is the highest common divisor of z and 11?
11
Let m(c) = 6*c**2 + 44*c - 150. Let g be m(-10). Calculate the highest common factor of g and 1970.
10
Suppose 4*j - 4*t - 17 = -t, -5*j + 24 = -t. Suppose 28*d = -2*x + 24*d + 390, -5*d = 25. Calculate the highest common divisor of j and x.
5
Let p(r) = r**2 + 3*r - 51. Let s be p(14). Let d = 287 - s. What is the highest common divisor of d and 70?
10
Let c = -74 - -77. Suppose -d + 6 = -4*i - 3*d, 5*i - 2*d + c = 0. Let a be (3 + i)*(-5016)/(-16). Calculate the highest common divisor of a and 57.
57
Suppose -175 = -2*m - 3*u, -3*m - u + 5*u = -271. Let n = -25 + m. Calculate the greatest common factor of n and 8.
8
Let w be 2 + 1508/6 - (-2)/(-6). Suppose w = 2*x - 7. Calculate the highest common factor of x and 65.
65
Let f be (81/(-36))/(1/3)*(-8)/3. What is the greatest common factor of 576 and f?
18
Suppose -14*b - 570 = -3034. Calculate the highest common factor of 781 and b.
11
Let o = -176 + 281. Let m(a) = 3*a**2 - 97*a - 59. Let p be 2 - -31 - ((-60)/6 - -10). Let w be m(p). What is the highest common divisor of w and o?
7
Let a(t) = 80*t. Let y be a(1). Suppose 1335 - 510 = 4*p + 5*g, p - 190 = 2*g. What is the greatest common divisor of y and p?
40
Let s be 2/(-2) - -9 - (-168 + 166). Let g be (s/(-5))/((-8)/68). Calculate the greatest common divisor of 221 and g.
17
Suppose -296 = -5*f - 2*y + 63, 0 = 4*y - 8. Let v = -49 + f. Suppose 0 = -4*b + 8, 2*q + 5*b - 495 = -177. Calculate the highest common divisor of q and v.
22
Let o = 622 + -552. Let a(f) = 7*f**2 + 2*f + 1. Let u be a(3). Calculate the greatest common factor of o and u.
70
Let c be 6/(-9)*(-42)/4. Suppose c - 70 = -h. Let t(r) = r**2 - 6*r + 2. Let s be t(7). What is the greatest common factor of h and s?
9
Suppose 0 = 5*o + y - 1323, -10*o - y + 531 = -8*o. Let c = -295 - -319. Calculate the greatest common factor of o and c.
24
Let j = 47 + -42. Suppose 0*u - 738 = -4*q + u, 0 = 2*q - j*u - 360. Calculate the greatest common factor of 74 and q.
37
Let h be 6 + -2 + 3 + 4. Suppose h*j = 4*j + 784. Let n be (-12)/(((-18)/(-8))/(-3)). What is the highest common factor of j and n?
16
Let q = 65 - 57. Suppose -17*y + 384 = -5*y. Calculate the highest common factor of q and y.
8
Let h(a) = -a**2 + 29*a - 120. Let t be h(0). Let r be ((-88)/(-33))/((-2)/t). Calculate the greatest common factor of r and 20.
20
Let w be -1*(-1 - -204)*(-2032)/889. Calculate the highest common divisor of 128 and w.
16
Suppose 0 = -1693*d + 1692*d + 55. What is the greatest common factor of d and 1760?
55
Let j(r) = r**3 - 47*r**2 + 523*r - 21925. Let h be j(46). Suppose 0 = -5*c + 2*c + 1479. Calculate the highest common divisor of h and c.
17
Let u be 490/77 + (-228)/627. What is the greatest common factor of 6126 and u?
6
Suppose 4*t - 795 = 1085. Suppose -4*m + 52 = g + 9, 3*g - 9 = 0. Calculate the greatest common factor of m and t.
10
Suppose 0 = -0*a + a. Let b(u) = -u + 4. Let n be b(a). Suppose -298*j + 297*j = -g - 6, -3*g - 16 = -2*j. What is the highest common factor of j and n?
2
Let w(d) = 20*d + 76. Suppose 0 = r + x + 6, -2*r + 5*r = -5*x - 24. Let g be w(r). What is the highest common factor of g and 2?
2
Let g = 19 + -9. Let z(b) = -5*b + 55. Let v be z(g). What is the greatest common divisor of v and 5?
5
Suppose -2700 = -343*g + 313*g. Let k be (100/3)/(4/18). What is the greatest common divisor of k and g?
30
Suppose 241086 = 13*g + 236640. Calculate the greatest common factor of g and 972.
18
Let i be 26/(-39) + 41/3. Let l(a) = -1. Let m(j) = j + 10. Let c(x) = 10*l(x) + 2*m(x). Let n be c(i). Calculate the greatest common divisor of 4 and n.
4
Let i = -36824 + 36919. Calculate the highest common factor of 7087 and i.
19
Let m = 2110 - 2055. What is the highest common divisor of m and 2255?
55
Suppose -k = -2*w - 4, 4*k + w = 3*w + 10. Let q be (2/(-5))/(k/(-60)). Suppose -9*n = -12*n + q. Calculate the greatest common factor of 10 and n.
2
Let d(z) = z**3 + 14*z**2 - 7*z + 16. Let m be d(-14). Let a = -74 + m. What is the highest common factor of a and 16?
8
Suppose 202673 - 58833 = 29*z. What is the greatest common factor of z and 124?
124
Suppose -2 - 12 = -h. Suppose 4*x - 67 = 3*s, x + 3*s + 8 = 6. Let j = x + -11. What is the greatest common divisor of j and h?
2
Suppose 4*k - 3*c - 1477 = 0, k + 2*c - 534 + 162 = 0. Suppose 18*s + 10*s - 5432 = 0. Let u = k - s. Calculate the highest common factor of 16 and u.
16
Let s(d) = 2*d + 54. Let g = -213 - -210. Let f be s(g). Let c = 215 + -119. Calculate the highest common factor of c and f.
48
Let k(n) = -987*n**3 - n**2. Let w be k(-1). Let u be (-29 - -26)*((-49)/3 - (-5 + 8)). Calculate the greatest common factor of w and u.
58
Suppose -5*x + 2*n = -225, -45 = -39*x + 38*x - 2*n. What is the greatest common divisor of 72 and x?
9
Suppose -5*p = 2*p - 8*p. Suppose 21*t - 25*t - 3*y + 21 = p, -4*y - 11 = t. What is the greatest common divisor of 144 and t?
9
Let l(f) be the third derivative of f**2 + 7/3*f**3 + 1/3*f**4 + 1/60*f**5 + 0 + 0*f. Let u be l(-7). What is the greatest common factor of u and 63?
7
Suppose -1947 = 80*x - 83*x. Calculate the greatest common factor of 187 and x.
11
Let c = 30676 + -30660. Calculate the highest common factor of c and 218.
2
Suppose -4*v + 258 + 6 = -3*t, 5*v + 4*t = 268. Calculate the highest common factor of v and 4890.
30
Suppose 5*i = 2*i + 3*k + 18, 4*k = -4*i - 8. Let r be (-45)/(-18)*(-1)/(15/54). Let j = r - -13. What is the highest common divisor of i and j?
2
Let h = 16150 + -16105. Calculate the highest common factor of h and 885.
15
Let i(j) = 4*j + 1. Let m be i(2). Let v(f) = -f**3 + 24*f**2 - 119*f - 81. Let d be v(16). What is the highest common divisor of d and m?
9
Let h(x) = 11*x**2 + 24*x + 19. Let k be (45 + -46)*(1 + 6). Let z be h(k). Calculate the highest common divisor of 39 and z.
39
Let k = 5611 + -5571. Calculate the highest common divisor of 3460 and k.
20
Let i = -251 + 256. Suppose 4*h + 2*v = 334 - 36, 25 = i*v. What is the highest common factor of h and 216?
72
Let f(o) = -2*o**2 + 42*o - 38. Let v be f(20). Suppose -6*d = -2*y - 2*d + 82, -y + 61 = v*d. What is the highest common factor of 204 and y?
51
Let s = -12442 - -22835. Calculate the greatest common factor of s and 19.
19
Let y be (-152)/114*1/(1/(-510)). Let o = 308 + y. Calculate the greatest common factor of o and 13.
13
Let i be -3*(-4)/6 - -424. Suppose 60*a - 49274 = -642*a + 8*a. What is the greatest common divisor of a and i?
71
Let r(a) = 3*a**2 - a. Let o be r(-1). Suppose z = 4*n - 15, -4*z = z - 5*n + 75. Let g be z/6*120/(-25). Calculate the greatest common divisor of g and o.
4
Suppose -49*j + 9*j + 23*j = -12733. Calculate the greatest common factor of j and 7.
7
Let b(u) = u + 133. Let z be b(-7). What is the highest common divisor of z and 54?
18
Suppose 25*z + 10387 = -4488. Let a be 5/((z/42)/(-17)). What is the greatest common factor of 102 and a?
6
Let p = -19901 - -20369. What is the highest common divisor of p and 2448?
36
Suppose -6*k + 549 = -285. What is the highest common divisor of 417 and k?
139
Suppose l = -5, -u - 975 = 4*u + 3*l. Let n be -28*u/252 - (-2)/(-6). What is the greatest common divisor of n and 861?
21
Suppose -1860 = y - 156*y. What is the highest common factor of 594 and y?
6
Let n = 126 - 155. Let h = -11 - n. What is the greatest common divisor of 27 and h?
9
Suppose -4*s = -2*s - 10. Suppose -s*t = -0*t - 110. Suppose 14*j + 176 = 964 + 136. Calculate the greatest common divisor of j and t.
22
Suppose 27*h = 2*o + 26*h - 1997, -4994 = -5*o + 